e 3*f + 2*o + 2*o - 1009 = 0, 0 = -f + 4*o + 315. Suppose -6*v = -f - 107. What is the tens digit of v?
7
Suppose 3019 = 3*i - 4*w, -10*w + 15*w = -2*i + 2028. What is the tens digit of i?
0
Let k(p) be the first derivative of 3*p + p**4 + 12 - 4*p - 1. What is the units digit of k(1)?
3
Suppose 2*u = f + 11 - 28, 5*u + 11 = -f. Suppose -r = -f*r + 552. What is the tens digit of r?
6
Suppose 5632 = 4*c + u + 1421, 3*u = -15. What is the units digit of c?
4
Let n(h) = 13*h + 17 - 38*h - 15. What is the tens digit of n(-1)?
2
Let t(q) be the first derivative of -q**4/4 + 4*q**3/3 + 6*q**2 + 7*q + 27. What is the units digit of t(6)?
7
Suppose 68*z = -3*h + 70*z + 43, 0 = -3*h - 3*z + 63. Let j = 92 + -22. Suppose 3*s - j = -3*m + h, -5*m = 15. What is the units digit of s?
2
Let o(f) = 2*f**3 - 8*f**2 + 2*f + 10. Suppose -5*h + 2*t = -38, 3*t = 6*h - 4*h - 24. What is the units digit of o(h)?
6
Let b be 1 + 8/(-14) + 32927/133. Let d = -84 + b. What is the units digit of d?
4
Suppose -50*f + 107 = -49*f. Let d = 247 - f. What is the hundreds digit of d?
1
Let s(r) = -r + 6. Let x(p) = p + 2. Let a be x(3). Suppose 3*u - 2*u = -a. What is the tens digit of s(u)?
1
Let i = 7 + -5. Suppose -27 + 5 = -2*o. What is the units digit of (-3 + 0)*(i - o)?
7
Let o = 6095 - 4042. What is the thousands digit of o?
2
Suppose 148*p - 166*p = -19368. What is the tens digit of p?
7
What is the thousands digit of (20 + -21)/(1/(-1249))?
1
Suppose -5*g = 4*w - 1434, 3*g - w - 1143 = -g. Let m be (-5)/(-15) - g/(-6). Suppose k + 3*b - 108 = -2*k, 0 = -2*k + 4*b + m. What is the units digit of k?
2
Let v = 1459 - -1056. What is the hundreds digit of v?
5
Let f(t) = t**3 + 3*t**2 + 2*t + 1. Let k be f(-2). What is the units digit of (k/3 + (-154)/21)*-6?
2
Let o(l) be the third derivative of 7*l**4/4 - 5*l**3/2 - 21*l**2. What is the tens digit of o(3)?
1
Let k(a) = -a - 1. Let n(w) = -3*w**2 + 3*w + 8. Let m(f) = k(f) - n(f). What is the tens digit of m(-4)?
5
Suppose 11*y - 84 = 4*y. Let b be (10/y)/(4/24). Suppose 12 = 4*z + 4*m, 3*z = b*z - m. What is the units digit of z?
1
Let u(v) = 3*v - 16. Suppose c = -2*p + 9, 7*c = 4*c - 15. Let y be u(p). Suppose 0 = y*a - 121 - 164. What is the units digit of a?
7
What is the tens digit of ((-879)/9)/(4/(-24))?
8
Let r(c) = -32*c + 30. What is the tens digit of r(-7)?
5
Let j be 8/(-20) - 744/15. Let f be 2/(-5) - 220/j. Suppose 0 = -4*z + f*d + 36, -10 = -5*z - 0*d - 2*d. What is the units digit of z?
4
Let y = -2 + 5. Let x be 4*1/y*3. Suppose -x*g + 54 = -2*g. What is the tens digit of g?
2
Let r = 1287 + -315. What is the hundreds digit of r?
9
Suppose 15 = 2*q - 3*n, 4 - 1 = -2*q - 3*n. Suppose 0 = 4*w + 5*k - 48, 4*w + 4 = 3*k + 52. Suppose -99 = -q*s - w. What is the tens digit of s?
2
Suppose -m = -0*m - 2*w - 398, -w - 2008 = -5*m. What is the units digit of (m/15)/(6/15)?
7
Let p(s) = s**2 + 12*s. Let l be p(-6). Let d be ((-6)/(-9))/(-2)*l. Suppose 0 = 4*f + y - 29, -3*f + d = 3*y + y. What is the units digit of f?
8
Let q be 28/(3 - -1) + -4. Suppose -q*u = 5*n - 27, 4*u = 3*n - 21 - 1. What is the units digit of n?
6
Let k = -299 - -967. What is the tens digit of k?
6
Let m(g) be the third derivative of -g**5/60 - 5*g**4/8 - 11*g**3/6 - g**2. Suppose 0*n + 16 = -n + 2*j, -5*j + 5 = 0. What is the units digit of m(n)?
3
Let s be 6/(((-9)/24)/1). Let n be (-21)/56 - (-666)/s. What is the tens digit of 224/n*(-18)/2?
4
Let p(l) = l**2 + 14*l - 17. Let n be p(-15). What is the tens digit of (n/(-8))/(3/6)*118?
5
Suppose f - 2*b = -3*b + 7, 0 = 5*f - 2*b - 14. Let l(i) be the second derivative of 11*i**3/6 - 3*i**2/2 - 5*i. What is the tens digit of l(f)?
4
Let m = 53 + 77. Let c = -108 + m. What is the tens digit of c?
2
Let w = 21 - 19. Suppose -2 = -2*x, 4*q + 2 = w*q + 4*x. What is the units digit of (q - -4)*(-2)/(-5)?
2
Suppose -w + 6*f - 8*f = -302, -2*w + f + 579 = 0. What is the tens digit of w?
9
Let o(r) = -2*r**3 + 19*r**2 + 4*r - 7. Let k be o(9). Suppose 145 + k = 3*v. What is the units digit of v?
5
Let w = 502 + -291. What is the units digit of w?
1
Let h be (-66)/(-11)*(1 + -3)/(-4). Suppose m - 95 = h*q, 5*q + 57 = -m + 184. What is the hundreds digit of m?
1
Suppose 0 = 2*t + 4*m - 26, m = -t - 2*m + 17. Suppose -2*w + 4*w = -5*f + 69, -t*w + 126 = -3*f. What is the tens digit of w?
2
Let u = 0 - -1. Suppose -11*f + 28 = -5. Let t = f - u. What is the units digit of t?
2
Let v be 2/9 - 34/(-9). Let w(a) be the third derivative of 11*a**4/24 - 5*a**3/3 + 3*a**2. What is the units digit of w(v)?
4
Let f be (-5 - 474/3) + -1 + -2. Let g = f + 268. What is the hundreds digit of g?
1
Suppose -2538 = 8*n - 12*n - 5*b, 5*b - 1906 = -3*n. What is the tens digit of n?
3
Let c be (-6 + -1)*1/1. Let z(m) = -m**2 - 7*m - 1. Let p be z(c). What is the units digit of p + 4 + (-2)/(-1)?
5
Suppose 182*l - 178*l - 412 = 0. Suppose 0 = -t + 5*t + 3*f - 727, 3*f - 365 = -2*t. Suppose -p - l = -3*w, p + 3*p + t = 5*w. What is the units digit of w?
3
Suppose 22 = -3*m + 4. Let r be (-3)/(15/m + 1). Suppose 0 = -v - 4 + 3, -r*v - 16 = -f. What is the tens digit of f?
1
Let l = 121 - 130. What is the units digit of (-8)/14 - (-120)/(-28)*l?
8
Suppose 4*i = -3 + 15. What is the tens digit of 71/(i/(-9)*-3)?
7
Suppose 0 = -2*r - 3*u + 210 + 61, 139 = r - 2*u. What is the hundreds digit of r?
1
Let u be -1 - 1 - (0 + -2). Suppose 0 = -u*c - 5*c + 15. Suppose c*q - 151 = 17. What is the units digit of q?
6
Let d = 47 - -17. Let h = -41 + d. Suppose 7 = 3*r - h. What is the units digit of r?
0
Suppose 0 = 3*r + 805 - 2290. Suppose 5*t - 100 = r. What is the units digit of t?
9
Suppose -v - 4*v + 1780 = 5*s, -5*s - 332 = -v. What is the hundreds digit of (-3)/(-1 - (-9)/(3204/v))?
2
Let t(u) = u**2 + 3*u + 24. What is the units digit of t(-26)?
2
Suppose -a + 3*o = 4*o - 581, 4*a - 2351 = 5*o. What is the tens digit of a?
8
What is the thousands digit of (-24525)/(-9) + -5 + 13?
2
Suppose -q + 24 = 3*q. Suppose 12*r - q*r - 24 = 0. What is the units digit of r?
4
Suppose 0 = 3*c + 12 - 276. Let n = -174 + c. Let y = 144 + n. What is the tens digit of y?
5
Let a = 33 - -1. Let y = a - -77. What is the hundreds digit of y?
1
Suppose 39281 = 36*d - 25*d. What is the hundreds digit of d?
5
Let n = 1606 - 188. What is the units digit of n?
8
Suppose 0 = -2*s - 2*s + 12. Let i be -8 + 50/4 + (-1)/2. Suppose -g + 61 = g - s*p, -5*p = -i*g + 123. What is the tens digit of g?
3
Let n be (-2)/(-8)*(-60)/(-5). Suppose -4*y - 12 = 0, n*d - 2*y = d + 12. Suppose 4*z - 2*z - 121 = 3*w, -z + d*w + 68 = 0. What is the tens digit of z?
5
What is the tens digit of (12/(-16)*74)/(3/(-4))?
7
Let p(n) = -n**2 + 10*n - 6. Let a be p(7). Suppose -5*t + 0*t = -2*b - 75, -t + a = -2*b. What is the tens digit of t?
1
Suppose 0 = -n + 555 + 219. What is the tens digit of n?
7
What is the tens digit of 15/(-25) + 441920/200?
0
Let o = -138 - 27. What is the units digit of (-5 + o/(-35))*-413?
8
Suppose 590 = 5*g - 1220. What is the units digit of g?
2
Let x(c) = 2*c**3 - 5*c**2 - 3*c - 42. What is the units digit of x(10)?
8
Let p(u) = 7*u**3 + 2*u - 1. Let g = 3 - 2. Suppose -3*n - g = -4. What is the units digit of p(n)?
8
Suppose -1998 = -8*a + 1850. What is the tens digit of a?
8
Suppose -6*h = -2*h - 2*a - 30, -10 = -h + a. Let x(w) = 25*w + 1. Let s(j) = 24*j + 1. Let g(k) = h*x(k) - 6*s(k). What is the tens digit of g(-2)?
3
Let r be 22/(-99) - 119/(-9). Suppose -2*w + 9 = 5*i, 3*i - r = -5*w - 0*i. What is the tens digit of (6 - w) + (-670)/(-10)?
7
Suppose -52*n + 286272 = 44*n. What is the thousands digit of n?
2
Let s be (1 + 1 - -16) + -2. Let q be (s/20)/(2/10). What is the tens digit of (-533)/(-39) + q/(-6)?
1
Suppose 4*x + k = 12, -2*x = k - 0*k - 6. Suppose -x*n = 3*r - 54 - 126, -332 = -5*n + 3*r. What is the tens digit of n?
6
Let c = -70 + 74. Let l(w) = -8*w**2 + 3*w - 3. Let i be l(3). What is the tens digit of (c/12)/((-2)/i)?
1
Suppose -4*t = t + 5*d - 1870, -t + 3*d = -394. Suppose -5*y - 14 = -t. What is the units digit of y?
3
Let n(y) = 9*y**2 + 3*y - 1. Suppose 3*w - 3 - 3 = 0. What is the tens digit of n(w)?
4
Let s = 42 - 33. Suppose s*b = -0*b + 189. What is the units digit of b?
1
Let i(a) = 78 - a + 2*a**3 + 0